3605
255729 (base 10) to base 3
110222210110
Convert 386138 (base 14) to base 5.
444000020
Convert 110101010101100 (base 2) to base 14.
9d48
-62888 (base 10) to base 12
-30488
ca292c (base 14) to base 12
2361510
Convert 100020343 (base 6) to base 14.
31b155
Convert -d83c6 (base 16) to base 10.
-885702
Convert 21322502 (base 6) to base 7.
5244443
Convert 131213230 (base 4) to base 8.
354754
What is 12020202010011 (base 3) in base 4?
22221021100
Convert -1152835 (base 9) to base 16.
-98b19
-1099018 (base 11) to base 6
-105015132
What is -211211021 (base 3) in base 6?
-205011
What is -461400 (base 7) in base 12?
-3b679
What is -20b7aa (base 12) in base 4?
-1332122302
Convert -322405 (base 8) to base 15.
-21e06
Convert 676050 (base 9) to base 5.
100422030
What is 8709a (base 14) in base 15?
66bd2
Convert -b8c7c (base 14) to base 2.
-1101101001000001110
What is -f261 (base 16) in base 3?
-10011010010
Convert -1356b (base 16) to base 4.
-103111223
Convert -5937a23 (base 11) to base 15.
-d9a229
Convert -1546315 (base 8) to base 3.
-211122022101
626c4 (base 13) to base 6
3443050
What is -30159 (base 13) in base 14?
-23458
What is -1111111110000010101 (base 2) in base 5?
-113221120
132033112 (base 4) to base 6
2353234
Convert -c4576b (base 13) to base 14.
-873b8d
2d13c (base 14) to base 7
646505
What is -18731 (base 13) in base 6?
-1003132
6512707 (base 8) to base 10
1742279
Convert -3e7e4 (base 15) to base 10.
-200914
What is 2203140 (base 7) in base 8?
1017302
What is -333312121 (base 4) in base 5?
-31332104
What is 251456 (base 8) in base 11?
5a267
What is -33b2 (base 13) in base 12?
-4237
What is 125346 (base 11) in base 4?
300030121
What is -20787 (base 13) in base 16?
-e430
What is -122202213 (base 4) in base 11?
-74749
What is -2121041403 (base 5) in base 4?
-101003222312
30875332 (base 9) to base 12
4b91b9b
2125215 (base 6) to base 16
1998b
100a03 (base 14) to base 8
2036213
Convert 19698 (base 15) to base 14.
220c5
1628109 (base 10) to base 6
54521313
What is -cc3c78 (base 14) in base 10?
-6925570
186723 (base 12) to base 2
1101000000010001011
19945 (base 15) to base 5
10124330
Convert -1121402220 (base 5) to base 10.
-2528435
Convert -542131311 (base 6) to base 16.
-92d65b
-12153544 (base 8) to base 12
-a90b44
What is 33134 (base 5) in base 13?
1076
What is 12027163 (base 8) in base 3?
11221210020210
-22210111010200 (base 3) to base 15
-62504c
Convert 1022121020120 (base 3) to base 5.
134410441
253365 (base 8) to base 12
42985
What is -14231441 (base 8) in base 16?
-313321
What is -18a6c (base 15) in base 2?
-10011100001101001
-35645 (base 10) to base 8
-105475
What is -11101011001001111011 (base 2) in base 12?
-3a54a3
What is -430451 (base 6) in base 5?
-2111132
What is -44230444 (base 8) in base 16?
-913124
101001111101110011 (base 2) to base 3
22201210100
-11001110011011000111 (base 2) to base 7
-10121022
Convert 35426 (base 14) to base 2.
11111101011111010
Convert 31c526 (base 14) to base 12.
69371a
Convert -376571 (base 8) to base 6.
-2443453
What is 1011201000 (base 5) in base 9?
3768468
What is 418582 (base 9) in base 15?
4dbe8
Convert -100513 (base 12) to base 2.
-111100111011011111
-11121330 (base 5) to base 3
-11222220020
What is 8451360 (base 9) in base 5?
2124142210
What is -23b73 (base 14) in base 16?
-15519
Convert 147422 (base 8) to base 15.
10a90
What is 212101202012021 (base 3) in base 5?
11140402240
Convert 4208514 (base 10) to base 3.
21220210222220
430240 (base 6) to base 9
53116
Convert -832cc (base 13) to base 9.
-388141
What is -246454 (base 8) in base 2?
-10100110100101100
Convert -243588 (base 9) to base 11.
-a04aa
Convert -1101221112 (base 3) to base 2.
-110110000001110
What is -1d0c3 (base 16) in base 2?
-11101000011000011
-2010136 (base 7) to base 2
-111010000011001111
-142779 (base 13) to base 4
-1313323032
Convert -bd24d (base 16) to base 9.
-1410654
Convert 10b73 (base 12) to base 2.
101011110000111
What is 1485e (base 16) in base 5?
10142222
What is -397298 (base 11) in base 2?
-10011000011111001100
3100303313 (base 4) to base 10
855287
Convert -120222222020 (base 3) to base 16.
-4ce1b
What is 118541 (base 10) in base 12?
58725
What is 10534461 (base 7) in base 16?
dfba8
What is -c2d2d (base 14) in base 5?
-110002234
2469876 (base 10) to base 15
33bc36
Convert -c0237b (base 13) to base 2.
-10001000000111111100111
What is 141187a (base 11) in base 7?
26451455
Convert 16504461 (base 7) to base 12.
65a7a3
What is -1000010011111110101 (base 2) in base 13?
-96c8a
Convert 11145024 (base 7) to base 11.
602305
112743 (base 10) to base 12
552b3
22012222110212 (base 3) to base 15
5b48ce
Convert 21630022 (base 8) to base 5.
2143242422
What is -2012268 (base 9) in base 11?
-671830
Convert -1810053 (base 10) to base 7.
-21246060
What is -78cc7 (base 15) in base 12?
-16645a
-102107343 (base 8) to base 4
-1002020323203
1d3f6e (base 16) to base 2
111010011111101101110
-92874 (base 16) to base 2
-10010010100001110100
What is 17de65 (base 15) in base 6?
40514222
What is 13321004 (base 6) in base 16?
6ce5c
a853863 (base 11) to base 14
276a261
-100010111101110010100 (base 2) to base 9
-2135603
Convert -33053455 (base 6) to base 12.
-3b728b
Convert 426da1 (base 14) to base 13.
608b6a
Convert 199a7 (base 15) to base 13.
2bb28
Convert 111000111100100111 (base 2) to base 16.
38f27
What is -234450 (base 6) in base 5?
-1123403
Convert -38a45 (base 11) to base 7.
-321525
-1396908 (base 12) to base 16
-3bfa98
-3535c (base 13) to base 6
-2030124
22530 (base 9) to base 2
11101010100100
Convert -102221112100 (base 3) to base 10.
-235125
What is 10220122202002 (base 3) in base 5?
1013022100
Convert 13012403 (base 5) to base 16.
1ec1a
Convert -11111101000000001 (base 2) to base 11.
-89361
What is -102112101222020 (base 3) in base 4?
-113120130003
-363a2 (base 12) to base 10
-73130
What is -854a41 (base 12) in base 14?
-3ca437
b5311 (base 12) to base 3
110001100111
What is -900507 (base 12) in base 5?
-1033141330
-1573035 (base 9) to base 11
-548302
-10001110111101101000 (base 2) to base 7
-4656135
What is -23440654 (base 9) in base 15?
-10099e1
Convert 32255105 (base 7) to base 8.
12401443
3355238 (base 9) to base 12
732445
Convert 1921a (base 15) to base 13.
2b114
What is 76983 (base 11) in base 4?
123100211
a021 (base 12) to base 6
212041
Convert 130264123 (base 7) to base 9.
16526651
1a3295 (base 11) to base 2
1001100000111111000
Convert 2311021110 (base 4) to base 16.
b5254
-255301255 (base 6) to base 12
-181a82b
-102203202210 (base 4) to base 13
-1014006
2623254 (base 8) to base 10
730796
Convert 179997 (base 10) to base 7.
1346526
-1010406 (base 8) to base 10
-266502
What is -202110012101 (base 3) in base 11?
-255498
Convert b5958 (base 15) to base 11.
363718
fad8 (base 16) to base 14
1958c
Convert -111213343 (base 5) to base 7.
-4115411
Convert 48563 (base 9) to base 13.
11a6c
What is -1104335555 (base 6) in base 10?
-11972447
Convert -2002002021120 (base 3) to base 12.
-452a06
Convert -7ba91 (base 14) to base 4.
-1021201333
Convert 2a58ba8 (base 12) to base 15.
b4711e
What is 15373 (base 15) in base 16?
10abb
Convert 1031303202 (base 4) to base 5.
40144230
What is 10015602 (base 7) in base 4?
3022020303
Convert -411322 (base 10) to base 8.
-1443272
What is 37b13 (base 15) in base 14?
48c1b
Convert -868842 (base 16) to base 5.
-4224113311
Convert -18c2 (base 13) to base 2.
-111001111011
19bd38 (base 14) to base 15
1317a0
50b58a (base 14) to base 8
12301226
Convert -1693b8 (base 12) to base 7.
-3211124
What is -12023313 (base 5) in base 7?
-641600
Convert -133003000 (base 4) to base 10.
-127168
Convert 11343324 (base 5) to base 16.
19e69
-103311230120 (base 4) to base 7
-62130200
Convert -6987377 (base 10) to base 16.
-6a9e71
What is -137240 (base 8) in base 9?
-73842
-4544751 (base 8) to base 10
-1231337
Convert -4480527 (base 9) to base 10.
-2414878
161792 (base 10) to base 5
20134132
Convert 234a36 (base 11) to base 12.
15b75a
What is 255716 (base 10) in base 8?
763344
Convert -111011111001100100 (base 2) to base 13.
-8789c
What is 5b1078 (base 12) in base 13?
3c7c46
What is -13303464 (base 8) in base 3?
-12121120220121
Convert 21042 (base 16) to base 8.
410102
-89948 (base 11) to base 10
-130248
What is -27cee (base 16) in base 